{"id":154,"date":"2018-03-20T21:41:43","date_gmt":"2018-03-20T20:41:43","guid":{"rendered":"http:\/\/www.jevouszen-massages.com\/?page_id=154"},"modified":"2020-08-16T16:31:31","modified_gmt":"2020-08-16T14:31:31","slug":"amma","status":"publish","type":"page","link":"http:\/\/www.jevouszen-massages.com\/index.php\/amma\/","title":{"rendered":"Entreprises"},"content":{"rendered":"<div id=\"webs-bin-59c3b865b756d40001ff9c9e\" class=\"webs-bin\">\n<div class=\"webs-bin-wrap\">\n<div class=\"webs-container webs-module-text_image w-text_image-default\">\n<div class=\"webs-text-image clearfix webs-composite-module\">\n<div class=\"webs-submodule webs-submodule-image webs-module-image w-image-default\">\n<div class=\"webs-frame webs-align-left webs-frame-default\">\n<div class=\"webs-frame-container\">\n<div class=\"webs-image-wrapper-1 webs-hasframe webs-align-left\">\n<div id=\"webs-bin-59c3bbc4b756d40001ff9cf0\" class=\"webs-bin\">\n<div class=\"webs-bin-wrap\">\n<div class=\"webs-container webs-module-title w-title-default\">\n<h3 class=\"w-text \"><strong><span class=\" wz-italic\"><img loading=\"lazy\" class=\"size-medium wp-image-781 aligncenter\" src=\"http:\/\/www.jevouszen-massages.com\/wp-content\/uploads\/2019\/10\/shridhar-gupta-dZxQn4VEv2M-unsplash-300x200.jpg\" alt=\"\" width=\"300\" height=\"200\" srcset=\"http:\/\/www.jevouszen-massages.com\/wp-content\/uploads\/2019\/10\/shridhar-gupta-dZxQn4VEv2M-unsplash-300x200.jpg 300w, http:\/\/www.jevouszen-massages.com\/wp-content\/uploads\/2019\/10\/shridhar-gupta-dZxQn4VEv2M-unsplash-768x512.jpg 768w, http:\/\/www.jevouszen-massages.com\/wp-content\/uploads\/2019\/10\/shridhar-gupta-dZxQn4VEv2M-unsplash-1024x683.jpg 1024w, http:\/\/www.jevouszen-massages.com\/wp-content\/uploads\/2019\/10\/shridhar-gupta-dZxQn4VEv2M-unsplash-400x267.jpg 400w\" sizes=\"(max-width: 300px) 100vw, 300px\" \/><\/span><\/strong><\/h3>\n<h3 class=\"w-text \"><strong><span class=\" wz-italic\">Le Bien-\u00catre au\u00a0travail<\/span><\/strong><\/h3>\n<\/div>\n<\/div>\n<\/div>\n<div id=\"webs-bin-59c3bbd2b756d40001ff9cf2\" class=\"webs-bin\">\n<div class=\"webs-bin-wrap\">\n<div class=\"webs-container webs-module-text \">\n<div class=\"webs-text \">\n<p>La pause massage dans les entreprises rencontre un vif succ\u00e8s. Les collaborateurs sont toujours plus nombreux \u00e0 se faire masser au bureau pour pr\u00e9venir le stress et maximiser leurs performances. Ces s\u00e9ances peuvent parfois \u00eatre offertes par l\u2019employeur ou financ\u00e9es en tout ou partie par le Comit\u00e9 d&rsquo;Entreprise.<\/p>\n<p>Les massages durent 15 minutes et sont pratiqu\u00e9s sans huile \u00e0 travers les v\u00eatements, sans nuire pour autant aux bienfaits relaxants. Un local calme est mis \u00e0 la disposition, par exemple une salle de r\u00e9union.<\/p>\n<p>Les s\u00e9ances permettent de pr\u00e9venir les TMS (troubles musculo-squelettiques), favorisent la motivation et la bonne ambiance au travail et un management innovant.<\/p>\n<\/div>\n<p><img loading=\"lazy\" class=\"alignnone size-medium wp-image-498 aligncenter\" src=\"http:\/\/www.jevouszen-massages.com\/wp-content\/uploads\/2018\/04\/amma-1-300x169.jpg\" alt=\"\" width=\"300\" height=\"169\" srcset=\"http:\/\/www.jevouszen-massages.com\/wp-content\/uploads\/2018\/04\/amma-1-300x169.jpg 300w, http:\/\/www.jevouszen-massages.com\/wp-content\/uploads\/2018\/04\/amma-1-768x432.jpg 768w, http:\/\/www.jevouszen-massages.com\/wp-content\/uploads\/2018\/04\/amma-1-400x225.jpg 400w, http:\/\/www.jevouszen-massages.com\/wp-content\/uploads\/2018\/04\/amma-1.jpg 960w\" sizes=\"(max-width: 300px) 100vw, 300px\" \/><\/p>\n<div class=\"webs-text \">\n<h3>Les Prestations<\/h3>\n<p>Selon vos besoins, prestations \u00e0 la demi-journ\u00e9e ou journ\u00e9e.<\/p>\n<p>Compter environ 15 massages pour 1 masseur.se \u00e0 la journ\u00e9e.<\/p>\n<p>La Je Vous Zen Massage Academy est constitu\u00e9e d&rsquo;une team de professionnels disponibles pour vous. Le nombre de masseurs.ses sera ajust\u00e9 selon la prestation.<\/p>\n<p><img loading=\"lazy\" class=\"alignnone size-medium wp-image-500 aligncenter\" src=\"http:\/\/www.jevouszen-massages.com\/wp-content\/uploads\/2018\/04\/amma-2-165x300.jpg\" alt=\"\" width=\"165\" height=\"300\" srcset=\"http:\/\/www.jevouszen-massages.com\/wp-content\/uploads\/2018\/04\/amma-2-165x300.jpg 165w, http:\/\/www.jevouszen-massages.com\/wp-content\/uploads\/2018\/04\/amma-2-400x727.jpg 400w, http:\/\/www.jevouszen-massages.com\/wp-content\/uploads\/2018\/04\/amma-2.jpg 528w\" sizes=\"(max-width: 165px) 100vw, 165px\" \/><\/p>\n<\/div>\n<\/div>\n<\/div>\n<\/div>\n<h3 class=\"webs-image-crop \">1. Le massage Amma assis<\/h3>\n<\/div>\n<\/div>\n<\/div>\n<\/div>\n<div class=\"webs-submodule webs-submodule-text webs-module-text\">\n<div class=\"webs-text \">\n<p>Le <b><i>Amma<\/i><\/b> (\u6309\u6469, litt\u00e9ralement \u00ab calmer avec les mains \u00bb) est une technique de massage japonais d&rsquo;origine chinoise.<\/p>\n<p>Les mouvements se font par des \u00e9tirements, des \u00ab balayages \u00e9nerg\u00e9tiques \u00bb, des digipressions et des percussions pour atteindre une relaxation et un bien-\u00eatre int\u00e9rieur, mais aussi une redynamisation pour plus d\u2019efficacit\u00e9 au travail.<\/p>\n<p>Le Amma se compose d&rsquo;une suite de manipulations n&rsquo;utilisant pas d&rsquo;huile et est pratiqu\u00e9 \u00e0 travers les v\u00eatements. Il est pratiqu\u00e9 sur une chaise ergonomique.<\/p>\n<p><img loading=\"lazy\" class=\"alignnone  wp-image-782 aligncenter\" src=\"http:\/\/www.jevouszen-massages.com\/wp-content\/uploads\/2019\/10\/IMG_7088-300x225.jpg\" alt=\"\" width=\"207\" height=\"155\" srcset=\"http:\/\/www.jevouszen-massages.com\/wp-content\/uploads\/2019\/10\/IMG_7088-300x225.jpg 300w, http:\/\/www.jevouszen-massages.com\/wp-content\/uploads\/2019\/10\/IMG_7088-768x576.jpg 768w, http:\/\/www.jevouszen-massages.com\/wp-content\/uploads\/2019\/10\/IMG_7088-1024x768.jpg 1024w, http:\/\/www.jevouszen-massages.com\/wp-content\/uploads\/2019\/10\/IMG_7088-400x300.jpg 400w\" sizes=\"(max-width: 207px) 100vw, 207px\" \/><\/p>\n<\/div>\n<h3>2. Head, neck &amp; shoulders<\/h3>\n<\/div>\n<p>Pratiqu\u00e9 sur une table de massage, cette prestation constitue une alternative au Amma pour varier les sensations.<\/p>\n<p>Le travail se fait sur les \u00e9paules, entre les omoplates, le long de la nuque et le cr\u00e2ne, par des lissages et des digipressions.<\/p>\n<\/div>\n<\/div>\n<\/div>\n<\/div>\n<div class=\"webs-parent webs-parent-2 webs-row\">\n<div class=\"webs-parent webs-parent-3 webs-col\">\n<div id=\"webs-bin-59c3bbc4b756d40001ff9cf0\" class=\"webs-bin\">\n<div class=\"webs-bin-wrap\">\n<div>Il est extraordinairement relaxant mais permet aussi une reprise efficace de votre journ\u00e9e professionnelle.<\/div>\n<div><\/div>\n<\/div>\n<\/div>\n<div id=\"webs-bin-59c3bbd2b756d40001ff9cf2\" class=\"webs-bin\">\n<div class=\"webs-bin-wrap\">\n<div class=\"webs-container webs-module-text \">\n<div class=\"webs-text \">\n<p><img loading=\"lazy\" class=\"alignnone  wp-image-783 aligncenter\" src=\"http:\/\/www.jevouszen-massages.com\/wp-content\/uploads\/2019\/10\/event-300x300.jpg\" alt=\"\" width=\"190\" height=\"190\" srcset=\"http:\/\/www.jevouszen-massages.com\/wp-content\/uploads\/2019\/10\/event-300x300.jpg 300w, http:\/\/www.jevouszen-massages.com\/wp-content\/uploads\/2019\/10\/event-150x150.jpg 150w, http:\/\/www.jevouszen-massages.com\/wp-content\/uploads\/2019\/10\/event-768x768.jpg 768w, http:\/\/www.jevouszen-massages.com\/wp-content\/uploads\/2019\/10\/event-1024x1024.jpg 1024w, http:\/\/www.jevouszen-massages.com\/wp-content\/uploads\/2019\/10\/event-230x230.jpg 230w, http:\/\/www.jevouszen-massages.com\/wp-content\/uploads\/2019\/10\/event-365x365.jpg 365w, http:\/\/www.jevouszen-massages.com\/wp-content\/uploads\/2019\/10\/event-400x400.jpg 400w, http:\/\/www.jevouszen-massages.com\/wp-content\/uploads\/2019\/10\/event-100x100.jpg 100w, http:\/\/www.jevouszen-massages.com\/wp-content\/uploads\/2019\/10\/event.jpg 1920w\" sizes=\"(max-width: 190px) 100vw, 190px\" \/><\/p>\n<\/div>\n<\/div>\n<\/div>\n<\/div>\n<\/div>\n<\/div>\n<div id=\"webs-bin-59c3beb9a34e460001ec6f23\" class=\"webs-bin\">\n<div class=\"webs-bin-wrap\">\n<div class=\"webs-container webs-module-title w-title-default\">\n<h3 class=\"w-text \"><strong><span class=\"wz-italic\">Ev\u00e9nementiel<\/span><\/strong><\/h3>\n<\/div>\n<\/div>\n<\/div>\n<div id=\"webs-bin-59c3bea8a34e460001ec6f21\" class=\"webs-bin\">\n<div class=\"webs-bin-wrap\">\n<div class=\"webs-container webs-module-text_image w-text_image-default\">\n<div class=\"webs-text-image clearfix webs-composite-module\">\n<div class=\"webs-submodule webs-submodule-text webs-module-text\">\n<div class=\"webs-text \">\n<p>Pour\u00a0enrichir votre pr\u00e9sence\u00a0sur un salon, lors d&rsquo;un congr\u00e8s ou d&rsquo;un \u00e9v\u00e9nement particulier,\u00a0les massages de bien-\u00eatre sont un\u00a0outil de communication\u00a0original et agr\u00e9able.\u00a0Ils cr\u00e9ent une\u00a0bulle de d\u00e9tente\u00a0dans un environnement souvent bruyant et\u00a0constituent une d\u00e9monstration visible de l&rsquo;attention que vous portez \u00e0 vos visiteurs\u00a0et \u00e0 vos clients.\u00a0Ils laisseront dans tous les cas un\u00a0souvenir agr\u00e9able et durable&#8230;<\/p>\n<p>Prestations : la massage Amma est le plus souvent pl\u00e9biscit\u00e9.<\/p>\n<p><img loading=\"lazy\" class=\"alignnone  wp-image-496 aligncenter\" src=\"http:\/\/www.jevouszen-massages.com\/wp-content\/uploads\/2018\/04\/amma-3-165x300.jpg\" alt=\"\" width=\"130\" height=\"236\" srcset=\"http:\/\/www.jevouszen-massages.com\/wp-content\/uploads\/2018\/04\/amma-3-165x300.jpg 165w, http:\/\/www.jevouszen-massages.com\/wp-content\/uploads\/2018\/04\/amma-3-400x727.jpg 400w, http:\/\/www.jevouszen-massages.com\/wp-content\/uploads\/2018\/04\/amma-3.jpg 528w\" sizes=\"(max-width: 130px) 100vw, 130px\" \/><\/p>\n<p><strong><span style=\"color: #339966;\">Le \u00ab\u00a0PLUS\u00a0\u00bb Je Vous Zen Massage Academy :<\/span><\/strong><\/p>\n<ul>\n<li>\u00catre enceinte (de plus de 3 mois) ne constitue plus une contre indication au massage! Sp\u00e9cialement form\u00e9.e, la team saura vous concocter un massage sur mesure pour vous donner l&rsquo;acc\u00e8s aux prestations.<\/li>\n<li>Accueil et d\u2019une ambiance propice \u00e0 la d\u00e9tente : musique douce, parfums huiles essentielles, petite d\u00e9coration zen.<\/li>\n<li>Mat\u00e9riel en excellent \u00e9tat. Hygi\u00e8ne du mat\u00e9riel et des mains du masseur. Utilisation de charlottes de protection, nettoyage et d\u00e9sinfection entre chaque passage. R\u00e8glementation COVID strictement appliqu\u00e9e.<\/li>\n<li>Application d\u2019un code de d\u00e9ontologie et respect de la pudeur et de la personne mass\u00e9e.<\/li>\n<\/ul>\n<p><img loading=\"lazy\" class=\"alignnone  wp-image-786 aligncenter\" src=\"http:\/\/www.jevouszen-massages.com\/wp-content\/uploads\/2019\/10\/cowomen-ZKHksse8tUU-unsplash-300x200.jpg\" alt=\"\" width=\"243\" height=\"162\" srcset=\"http:\/\/www.jevouszen-massages.com\/wp-content\/uploads\/2019\/10\/cowomen-ZKHksse8tUU-unsplash-300x200.jpg 300w, http:\/\/www.jevouszen-massages.com\/wp-content\/uploads\/2019\/10\/cowomen-ZKHksse8tUU-unsplash-768x512.jpg 768w, http:\/\/www.jevouszen-massages.com\/wp-content\/uploads\/2019\/10\/cowomen-ZKHksse8tUU-unsplash-1024x683.jpg 1024w, http:\/\/www.jevouszen-massages.com\/wp-content\/uploads\/2019\/10\/cowomen-ZKHksse8tUU-unsplash-400x267.jpg 400w\" sizes=\"(max-width: 243px) 100vw, 243px\" \/><\/p>\n<\/div>\n<h3>Prestations sur Marseille et ext\u00e9rieurs.<\/h3>\n<h3>Devis sur demande &#8211; t\u00e9l\/@\/formulaire :<\/h3>\n<\/div>\n<div id='contact-form-154'>\n<form action='http:\/\/www.jevouszen-massages.com\/index.php\/amma\/#contact-form-154' method='post' class='contact-form commentsblock'>\n<script>\n\t\t\t( function () {\n\t\t\t\tconst contact_forms = document.getElementsByClassName('contact-form');\n\n\t\t\t\tfor ( const form of contact_forms ) {\n\t\t\t\t\tform.onsubmit = function() {\n\t\t\t\t\t\tconst buttons = form.getElementsByTagName('button');\n\n\t\t\t\t\t\tfor( const button of buttons ) {\n\t\t\t\t\t\t\tbutton.setAttribute('disabled', true);\n\t\t\t\t\t\t}\n\t\t\t\t\t}\n\t\t\t\t}\n\t\t\t} )();\n\t\t<\/script>\n<div class='grunion-field-wrap grunion-field-name-wrap'  >\n<label\n\t\t\t\tfor='g154-nom'\n\t\t\t\tclass='grunion-field-label name'\n\t\t\t\t>Nom<span>(obligatoire)<\/span><\/label>\n<input\n\t\t\t\t\ttype='text'\n\t\t\t\t\tname='g154-nom'\n\t\t\t\t\tid='g154-nom'\n\t\t\t\t\tvalue=''\n\t\t\t\t\tclass='name' \n\t\t\t\t\trequired aria-required='true'\n\t\t\t\t\/>\n\t<\/div>\n\n<div class='grunion-field-wrap grunion-field-email-wrap'  >\n<label\n\t\t\t\tfor='g154-email'\n\t\t\t\tclass='grunion-field-label email'\n\t\t\t\t>E-mail<span>(obligatoire)<\/span><\/label>\n<input\n\t\t\t\t\ttype='email'\n\t\t\t\t\tname='g154-email'\n\t\t\t\t\tid='g154-email'\n\t\t\t\t\tvalue=''\n\t\t\t\t\tclass='email' \n\t\t\t\t\trequired aria-required='true'\n\t\t\t\t\/>\n\t<\/div>\n\n<div class='grunion-field-wrap grunion-field-url-wrap'  >\n<label\n\t\t\t\tfor='g154-siteweb'\n\t\t\t\tclass='grunion-field-label url'\n\t\t\t\t>Site web<\/label>\n<input\n\t\t\t\t\ttype='url'\n\t\t\t\t\tname='g154-siteweb'\n\t\t\t\t\tid='g154-siteweb'\n\t\t\t\t\tvalue=''\n\t\t\t\t\tclass='url' \n\t\t\t\t\t\n\t\t\t\t\/>\n\t<\/div>\n\n<div class='grunion-field-wrap grunion-field-textarea-wrap'  >\n<label\n\t\t\t\tfor='contact-form-comment-g154-message'\n\t\t\t\tclass='grunion-field-label textarea'\n\t\t\t\t>Message<\/label>\n<textarea\n\t\t                name='g154-message'\n\t\t                id='contact-form-comment-g154-message'\n\t\t                rows='20' class='textarea'  ><\/textarea>\n\t<\/div>\n\t<p class='contact-submit'>\n\t\t<button type='submit' class='pushbutton-wide'>Envoyer<\/button>\t\t<input type='hidden' name='contact-form-id' value='154' \/>\n\t\t<input type='hidden' name='action' value='grunion-contact-form' \/>\n\t\t<input type='hidden' name='contact-form-hash' value='c53ff6f79d2f60adfd0476c13b3791e0f8983610' \/>\n\t<\/p>\n<p style=\"display: none !important;\"><label>&#916;<textarea name=\"ak_hp_textarea\" cols=\"45\" rows=\"8\" maxlength=\"100\"><\/textarea><\/label><input type=\"hidden\" id=\"ak_js_1\" name=\"ak_js\" value=\"53\"\/><script>document.getElementById( \"ak_js_1\" ).setAttribute( \"value\", ( new Date() ).getTime() );<\/script><\/p><\/form>\n<\/div>\n<\/div>\n<\/div>\n<\/div>\n<\/div>\n","protected":false},"excerpt":{"rendered":"<p>Le Bien-\u00catre au\u00a0travail La pause massage dans les entreprises rencontre un vif succ\u00e8s. Les collaborateurs sont toujours plus nombreux \u00e0 se faire masser au bureau pour pr\u00e9venir le stress et maximiser leurs performances. Ces s\u00e9ances peuvent parfois \u00eatre offertes par<\/p>\n","protected":false},"author":1,"featured_media":496,"parent":0,"menu_order":0,"comment_status":"closed","ping_status":"closed","template":"","meta":{"spay_email":""},"yoast_head":"<!-- This site is optimized with the Yoast SEO plugin v18.9 - https:\/\/yoast.com\/wordpress\/plugins\/seo\/ -->\n<title>Entreprises - Je Vous Zen - Massage Academy<\/title>\n<meta name=\"robots\" content=\"index, follow, max-snippet:-1, max-image-preview:large, max-video-preview:-1\" \/>\n<link rel=\"canonical\" href=\"http:\/\/www.jevouszen-massages.com\/index.php\/amma\/\" \/>\n<meta property=\"og:locale\" content=\"fr_FR\" \/>\n<meta property=\"og:type\" content=\"article\" \/>\n<meta property=\"og:title\" content=\"Entreprises - Je Vous Zen - Massage Academy\" \/>\n<meta property=\"og:description\" content=\"Le Bien-\u00catre au\u00a0travail La pause massage dans les entreprises rencontre un vif succ\u00e8s. Les collaborateurs sont toujours plus nombreux \u00e0 se faire masser au bureau pour pr\u00e9venir le stress et maximiser leurs performances. Ces s\u00e9ances peuvent parfois \u00eatre offertes par\" \/>\n<meta property=\"og:url\" content=\"http:\/\/www.jevouszen-massages.com\/index.php\/amma\/\" \/>\n<meta property=\"og:site_name\" content=\"Je Vous Zen - Massage Academy\" \/>\n<meta property=\"article:modified_time\" content=\"2020-08-16T14:31:31+00:00\" \/>\n<meta property=\"og:image\" content=\"http:\/\/www.jevouszen-massages.com\/wp-content\/uploads\/2018\/04\/amma-3.jpg\" \/>\n\t<meta property=\"og:image:width\" content=\"528\" \/>\n\t<meta property=\"og:image:height\" content=\"960\" \/>\n\t<meta property=\"og:image:type\" content=\"image\/jpeg\" \/>\n<meta name=\"twitter:card\" content=\"summary_large_image\" \/>\n<meta name=\"twitter:label1\" content=\"Dur\u00e9e de lecture estim\u00e9e\" \/>\n\t<meta name=\"twitter:data1\" content=\"3 minutes\" \/>\n<script type=\"application\/ld+json\" class=\"yoast-schema-graph\">{\"@context\":\"https:\/\/schema.org\",\"@graph\":[{\"@type\":\"WebSite\",\"@id\":\"http:\/\/www.jevouszen-massages.com\/#website\",\"url\":\"http:\/\/www.jevouszen-massages.com\/\",\"name\":\"Je Vous Zen - Massage Academy\",\"description\":\"Centre de Formation au Massage bien-\u00eatre \u00e0 Marseille\",\"potentialAction\":[{\"@type\":\"SearchAction\",\"target\":{\"@type\":\"EntryPoint\",\"urlTemplate\":\"http:\/\/www.jevouszen-massages.com\/?s={search_term_string}\"},\"query-input\":\"required name=search_term_string\"}],\"inLanguage\":\"fr-FR\"},{\"@type\":\"ImageObject\",\"inLanguage\":\"fr-FR\",\"@id\":\"http:\/\/www.jevouszen-massages.com\/index.php\/amma\/#primaryimage\",\"url\":\"http:\/\/www.jevouszen-massages.com\/wp-content\/uploads\/2018\/04\/amma-3.jpg\",\"contentUrl\":\"http:\/\/www.jevouszen-massages.com\/wp-content\/uploads\/2018\/04\/amma-3.jpg\",\"width\":528,\"height\":960},{\"@type\":\"WebPage\",\"@id\":\"http:\/\/www.jevouszen-massages.com\/index.php\/amma\/#webpage\",\"url\":\"http:\/\/www.jevouszen-massages.com\/index.php\/amma\/\",\"name\":\"Entreprises - Je Vous Zen - Massage Academy\",\"isPartOf\":{\"@id\":\"http:\/\/www.jevouszen-massages.com\/#website\"},\"primaryImageOfPage\":{\"@id\":\"http:\/\/www.jevouszen-massages.com\/index.php\/amma\/#primaryimage\"},\"datePublished\":\"2018-03-20T20:41:43+00:00\",\"dateModified\":\"2020-08-16T14:31:31+00:00\",\"breadcrumb\":{\"@id\":\"http:\/\/www.jevouszen-massages.com\/index.php\/amma\/#breadcrumb\"},\"inLanguage\":\"fr-FR\",\"potentialAction\":[{\"@type\":\"ReadAction\",\"target\":[\"http:\/\/www.jevouszen-massages.com\/index.php\/amma\/\"]}]},{\"@type\":\"BreadcrumbList\",\"@id\":\"http:\/\/www.jevouszen-massages.com\/index.php\/amma\/#breadcrumb\",\"itemListElement\":[{\"@type\":\"ListItem\",\"position\":1,\"name\":\"Accueil\",\"item\":\"http:\/\/www.jevouszen-massages.com\/\"},{\"@type\":\"ListItem\",\"position\":2,\"name\":\"Entreprises\"}]}]}<\/script>\n<!-- \/ Yoast SEO plugin. -->","yoast_head_json":{"title":"Entreprises - Je Vous Zen - Massage Academy","robots":{"index":"index","follow":"follow","max-snippet":"max-snippet:-1","max-image-preview":"max-image-preview:large","max-video-preview":"max-video-preview:-1"},"canonical":"http:\/\/www.jevouszen-massages.com\/index.php\/amma\/","og_locale":"fr_FR","og_type":"article","og_title":"Entreprises - Je Vous Zen - Massage Academy","og_description":"Le Bien-\u00catre au\u00a0travail La pause massage dans les entreprises rencontre un vif succ\u00e8s. Les collaborateurs sont toujours plus nombreux \u00e0 se faire masser au bureau pour pr\u00e9venir le stress et maximiser leurs performances. Ces s\u00e9ances peuvent parfois \u00eatre offertes par","og_url":"http:\/\/www.jevouszen-massages.com\/index.php\/amma\/","og_site_name":"Je Vous Zen - Massage Academy","article_modified_time":"2020-08-16T14:31:31+00:00","og_image":[{"width":528,"height":960,"url":"http:\/\/www.jevouszen-massages.com\/wp-content\/uploads\/2018\/04\/amma-3.jpg","type":"image\/jpeg"}],"twitter_card":"summary_large_image","twitter_misc":{"Dur\u00e9e de lecture estim\u00e9e":"3 minutes"},"schema":{"@context":"https:\/\/schema.org","@graph":[{"@type":"WebSite","@id":"http:\/\/www.jevouszen-massages.com\/#website","url":"http:\/\/www.jevouszen-massages.com\/","name":"Je Vous Zen - Massage Academy","description":"Centre de Formation au Massage bien-\u00eatre \u00e0 Marseille","potentialAction":[{"@type":"SearchAction","target":{"@type":"EntryPoint","urlTemplate":"http:\/\/www.jevouszen-massages.com\/?s={search_term_string}"},"query-input":"required name=search_term_string"}],"inLanguage":"fr-FR"},{"@type":"ImageObject","inLanguage":"fr-FR","@id":"http:\/\/www.jevouszen-massages.com\/index.php\/amma\/#primaryimage","url":"http:\/\/www.jevouszen-massages.com\/wp-content\/uploads\/2018\/04\/amma-3.jpg","contentUrl":"http:\/\/www.jevouszen-massages.com\/wp-content\/uploads\/2018\/04\/amma-3.jpg","width":528,"height":960},{"@type":"WebPage","@id":"http:\/\/www.jevouszen-massages.com\/index.php\/amma\/#webpage","url":"http:\/\/www.jevouszen-massages.com\/index.php\/amma\/","name":"Entreprises - Je Vous Zen - Massage Academy","isPartOf":{"@id":"http:\/\/www.jevouszen-massages.com\/#website"},"primaryImageOfPage":{"@id":"http:\/\/www.jevouszen-massages.com\/index.php\/amma\/#primaryimage"},"datePublished":"2018-03-20T20:41:43+00:00","dateModified":"2020-08-16T14:31:31+00:00","breadcrumb":{"@id":"http:\/\/www.jevouszen-massages.com\/index.php\/amma\/#breadcrumb"},"inLanguage":"fr-FR","potentialAction":[{"@type":"ReadAction","target":["http:\/\/www.jevouszen-massages.com\/index.php\/amma\/"]}]},{"@type":"BreadcrumbList","@id":"http:\/\/www.jevouszen-massages.com\/index.php\/amma\/#breadcrumb","itemListElement":[{"@type":"ListItem","position":1,"name":"Accueil","item":"http:\/\/www.jevouszen-massages.com\/"},{"@type":"ListItem","position":2,"name":"Entreprises"}]}]}},"jetpack_sharing_enabled":true,"jetpack_shortlink":"https:\/\/wp.me\/P9Lu4E-2u","_links":{"self":[{"href":"http:\/\/www.jevouszen-massages.com\/index.php\/wp-json\/wp\/v2\/pages\/154"}],"collection":[{"href":"http:\/\/www.jevouszen-massages.com\/index.php\/wp-json\/wp\/v2\/pages"}],"about":[{"href":"http:\/\/www.jevouszen-massages.com\/index.php\/wp-json\/wp\/v2\/types\/page"}],"author":[{"embeddable":true,"href":"http:\/\/www.jevouszen-massages.com\/index.php\/wp-json\/wp\/v2\/users\/1"}],"replies":[{"embeddable":true,"href":"http:\/\/www.jevouszen-massages.com\/index.php\/wp-json\/wp\/v2\/comments?post=154"}],"version-history":[{"count":11,"href":"http:\/\/www.jevouszen-massages.com\/index.php\/wp-json\/wp\/v2\/pages\/154\/revisions"}],"predecessor-version":[{"id":948,"href":"http:\/\/www.jevouszen-massages.com\/index.php\/wp-json\/wp\/v2\/pages\/154\/revisions\/948"}],"wp:featuredmedia":[{"embeddable":true,"href":"http:\/\/www.jevouszen-massages.com\/index.php\/wp-json\/wp\/v2\/media\/496"}],"wp:attachment":[{"href":"http:\/\/www.jevouszen-massages.com\/index.php\/wp-json\/wp\/v2\/media?parent=154"}],"curies":[{"name":"wp","href":"https:\/\/api.w.org\/{rel}","templated":true}]}}