{"id":531,"date":"2018-04-30T18:09:45","date_gmt":"2018-04-30T16:09:45","guid":{"rendered":"http:\/\/www.jevouszen-massages.com\/?page_id=531"},"modified":"2019-12-09T13:02:35","modified_gmt":"2019-12-09T12:02:35","slug":"mentions-legales","status":"publish","type":"page","link":"http:\/\/www.jevouszen-massages.com\/index.php\/mentions-legales\/","title":{"rendered":"Mentions l\u00e9gales"},"content":{"rendered":"<p><strong>Edition du site<\/strong><\/p>\n<p>Editeur du site <a href=\"http:\/\/www.jevouszen-massages.com\">www.jevouszen-massages.com<\/a> : Madame H\u00e9l\u00e8ne MOULS<br \/>\nAdresse : 15 bis traverse Tiboulen, 13008 Marseille<br \/>\nDirectrice de la publication : Madame H\u00e9l\u00e8ne MOULS.<\/p>\n<p><strong>Propri\u00e9t\u00e9 Intellectuelle<\/strong><\/p>\n<p>L&rsquo;ensemble de ce site rel\u00e8ve de la l\u00e9gislation fran\u00e7aise et internationale sur le droit d&rsquo;auteur et la propri\u00e9t\u00e9 intellectuelle. Tous les droits de reproduction sont r\u00e9serv\u00e9s, y compris les repr\u00e9sentations iconographiques et photographiques. La reproduction, adaptation et\/ou traduction de tout ou partie de ce site sur un support quel qu&rsquo;il soit, est formellement interdite sauf autorisation expresse de la Directrice de la publication.<\/p>\n<p><strong>Modification du site<\/strong><\/p>\n<p>L&rsquo;\u00e9quipe \u00e9ditoriale se r\u00e9serve le droit de modifier ou de corriger le contenu de ce site et de ces mentions l\u00e9gales \u00e0 tout moment et ceci sans pr\u00e9avis.<\/p>\n<p><strong>H\u00e9bergeur<\/strong><\/p>\n<p>Le site <a href=\"http:\/\/www.jevouszen-massages.com\">www.jevouszen-massages.com<\/a> est h\u00e9berg\u00e9 par la soci\u00e9t\u00e9 OVH France.<\/p>\n<p>OVH France<br \/>\n2 rue Kellerman BP 80157<br \/>\n59053 Roubaix cedex 1<\/p>\n","protected":false},"excerpt":{"rendered":"<p>Edition du site Editeur du site www.jevouszen-massages.com : Madame H\u00e9l\u00e8ne MOULS Adresse : 15 bis traverse Tiboulen, 13008 Marseille Directrice de la publication : Madame H\u00e9l\u00e8ne MOULS. Propri\u00e9t\u00e9 Intellectuelle L&rsquo;ensemble de ce site rel\u00e8ve de la l\u00e9gislation fran\u00e7aise et internationale<\/p>\n","protected":false},"author":1,"featured_media":0,"parent":0,"menu_order":0,"comment_status":"closed","ping_status":"closed","template":"","meta":{"spay_email":""},"yoast_head":"<!-- This site is optimized with the Yoast SEO plugin v18.9 - https:\/\/yoast.com\/wordpress\/plugins\/seo\/ -->\n<title>Mentions l\u00e9gales - Je Vous Zen - Massage Academy<\/title>\n<meta name=\"robots\" content=\"index, follow, max-snippet:-1, max-image-preview:large, max-video-preview:-1\" \/>\n<link rel=\"canonical\" href=\"https:\/\/www.jevouszen-massages.com\/index.php\/mentions-legales\/\" \/>\n<meta property=\"og:locale\" content=\"fr_FR\" \/>\n<meta property=\"og:type\" content=\"article\" \/>\n<meta property=\"og:title\" content=\"Mentions l\u00e9gales - Je Vous Zen - Massage Academy\" \/>\n<meta property=\"og:description\" content=\"Edition du site Editeur du site www.jevouszen-massages.com : Madame H\u00e9l\u00e8ne MOULS Adresse : 15 bis traverse Tiboulen, 13008 Marseille Directrice de la publication : Madame H\u00e9l\u00e8ne MOULS. Propri\u00e9t\u00e9 Intellectuelle L&rsquo;ensemble de ce site rel\u00e8ve de la l\u00e9gislation fran\u00e7aise et internationale\" \/>\n<meta property=\"og:url\" content=\"https:\/\/www.jevouszen-massages.com\/index.php\/mentions-legales\/\" \/>\n<meta property=\"og:site_name\" content=\"Je Vous Zen - Massage Academy\" \/>\n<meta property=\"article:modified_time\" content=\"2019-12-09T12:02:35+00:00\" \/>\n<meta name=\"twitter:card\" content=\"summary_large_image\" \/>\n<meta name=\"twitter:label1\" content=\"Dur\u00e9e de lecture estim\u00e9e\" \/>\n\t<meta name=\"twitter:data1\" content=\"1 minute\" \/>\n<script type=\"application\/ld+json\" class=\"yoast-schema-graph\">{\"@context\":\"https:\/\/schema.org\",\"@graph\":[{\"@type\":\"WebSite\",\"@id\":\"http:\/\/www.jevouszen-massages.com\/#website\",\"url\":\"http:\/\/www.jevouszen-massages.com\/\",\"name\":\"Je Vous Zen - Massage Academy\",\"description\":\"Centre de Formation au Massage bien-\u00eatre \u00e0 Marseille\",\"potentialAction\":[{\"@type\":\"SearchAction\",\"target\":{\"@type\":\"EntryPoint\",\"urlTemplate\":\"http:\/\/www.jevouszen-massages.com\/?s={search_term_string}\"},\"query-input\":\"required name=search_term_string\"}],\"inLanguage\":\"fr-FR\"},{\"@type\":\"WebPage\",\"@id\":\"https:\/\/www.jevouszen-massages.com\/index.php\/mentions-legales\/#webpage\",\"url\":\"https:\/\/www.jevouszen-massages.com\/index.php\/mentions-legales\/\",\"name\":\"Mentions l\u00e9gales - Je Vous Zen - Massage Academy\",\"isPartOf\":{\"@id\":\"http:\/\/www.jevouszen-massages.com\/#website\"},\"datePublished\":\"2018-04-30T16:09:45+00:00\",\"dateModified\":\"2019-12-09T12:02:35+00:00\",\"breadcrumb\":{\"@id\":\"https:\/\/www.jevouszen-massages.com\/index.php\/mentions-legales\/#breadcrumb\"},\"inLanguage\":\"fr-FR\",\"potentialAction\":[{\"@type\":\"ReadAction\",\"target\":[\"https:\/\/www.jevouszen-massages.com\/index.php\/mentions-legales\/\"]}]},{\"@type\":\"BreadcrumbList\",\"@id\":\"https:\/\/www.jevouszen-massages.com\/index.php\/mentions-legales\/#breadcrumb\",\"itemListElement\":[{\"@type\":\"ListItem\",\"position\":1,\"name\":\"Accueil\",\"item\":\"http:\/\/www.jevouszen-massages.com\/\"},{\"@type\":\"ListItem\",\"position\":2,\"name\":\"Mentions l\u00e9gales\"}]}]}<\/script>\n<!-- \/ Yoast SEO plugin. -->","yoast_head_json":{"title":"Mentions l\u00e9gales - Je Vous Zen - Massage Academy","robots":{"index":"index","follow":"follow","max-snippet":"max-snippet:-1","max-image-preview":"max-image-preview:large","max-video-preview":"max-video-preview:-1"},"canonical":"https:\/\/www.jevouszen-massages.com\/index.php\/mentions-legales\/","og_locale":"fr_FR","og_type":"article","og_title":"Mentions l\u00e9gales - Je Vous Zen - Massage Academy","og_description":"Edition du site Editeur du site www.jevouszen-massages.com : Madame H\u00e9l\u00e8ne MOULS Adresse : 15 bis traverse Tiboulen, 13008 Marseille Directrice de la publication : Madame H\u00e9l\u00e8ne MOULS. Propri\u00e9t\u00e9 Intellectuelle L&rsquo;ensemble de ce site rel\u00e8ve de la l\u00e9gislation fran\u00e7aise et internationale","og_url":"https:\/\/www.jevouszen-massages.com\/index.php\/mentions-legales\/","og_site_name":"Je Vous Zen - Massage Academy","article_modified_time":"2019-12-09T12:02:35+00:00","twitter_card":"summary_large_image","twitter_misc":{"Dur\u00e9e de lecture estim\u00e9e":"1 minute"},"schema":{"@context":"https:\/\/schema.org","@graph":[{"@type":"WebSite","@id":"http:\/\/www.jevouszen-massages.com\/#website","url":"http:\/\/www.jevouszen-massages.com\/","name":"Je Vous Zen - Massage Academy","description":"Centre de Formation au Massage bien-\u00eatre \u00e0 Marseille","potentialAction":[{"@type":"SearchAction","target":{"@type":"EntryPoint","urlTemplate":"http:\/\/www.jevouszen-massages.com\/?s={search_term_string}"},"query-input":"required name=search_term_string"}],"inLanguage":"fr-FR"},{"@type":"WebPage","@id":"https:\/\/www.jevouszen-massages.com\/index.php\/mentions-legales\/#webpage","url":"https:\/\/www.jevouszen-massages.com\/index.php\/mentions-legales\/","name":"Mentions l\u00e9gales - Je Vous Zen - Massage Academy","isPartOf":{"@id":"http:\/\/www.jevouszen-massages.com\/#website"},"datePublished":"2018-04-30T16:09:45+00:00","dateModified":"2019-12-09T12:02:35+00:00","breadcrumb":{"@id":"https:\/\/www.jevouszen-massages.com\/index.php\/mentions-legales\/#breadcrumb"},"inLanguage":"fr-FR","potentialAction":[{"@type":"ReadAction","target":["https:\/\/www.jevouszen-massages.com\/index.php\/mentions-legales\/"]}]},{"@type":"BreadcrumbList","@id":"https:\/\/www.jevouszen-massages.com\/index.php\/mentions-legales\/#breadcrumb","itemListElement":[{"@type":"ListItem","position":1,"name":"Accueil","item":"http:\/\/www.jevouszen-massages.com\/"},{"@type":"ListItem","position":2,"name":"Mentions l\u00e9gales"}]}]}},"jetpack_sharing_enabled":true,"jetpack_shortlink":"https:\/\/wp.me\/P9Lu4E-8z","_links":{"self":[{"href":"http:\/\/www.jevouszen-massages.com\/index.php\/wp-json\/wp\/v2\/pages\/531"}],"collection":[{"href":"http:\/\/www.jevouszen-massages.com\/index.php\/wp-json\/wp\/v2\/pages"}],"about":[{"href":"http:\/\/www.jevouszen-massages.com\/index.php\/wp-json\/wp\/v2\/types\/page"}],"author":[{"embeddable":true,"href":"http:\/\/www.jevouszen-massages.com\/index.php\/wp-json\/wp\/v2\/users\/1"}],"replies":[{"embeddable":true,"href":"http:\/\/www.jevouszen-massages.com\/index.php\/wp-json\/wp\/v2\/comments?post=531"}],"version-history":[{"count":10,"href":"http:\/\/www.jevouszen-massages.com\/index.php\/wp-json\/wp\/v2\/pages\/531\/revisions"}],"predecessor-version":[{"id":815,"href":"http:\/\/www.jevouszen-massages.com\/index.php\/wp-json\/wp\/v2\/pages\/531\/revisions\/815"}],"wp:attachment":[{"href":"http:\/\/www.jevouszen-massages.com\/index.php\/wp-json\/wp\/v2\/media?parent=531"}],"curies":[{"name":"wp","href":"https:\/\/api.w.org\/{rel}","templated":true}]}}