{"id":803,"date":"2019-10-29T19:49:17","date_gmt":"2019-10-29T18:49:17","guid":{"rendered":"http:\/\/www.jevouszen-massages.com\/?page_id=803"},"modified":"2022-05-17T18:07:34","modified_gmt":"2022-05-17T16:07:34","slug":"femmes-enceintes-entreprise","status":"publish","type":"page","link":"http:\/\/www.jevouszen-massages.com\/index.php\/femmes-enceintes-entreprise\/","title":{"rendered":"Femmes enceintes Entreprise"},"content":{"rendered":"\n<p class=\"has-text-align-center has-text-color\" style=\"color:#f41018\">Bient\u00f4t d&rsquo;ici janvier 2023! <\/p>\n\n\n\n<p>Parce qu&rsquo;\u00eatre enceinte* ne doit plus \u00eatre une contre indication au massage!<\/p>\n\n\n\n<div class=\"wp-block-image\"><figure class=\"aligncenter is-resized\"><img loading=\"lazy\" src=\"http:\/\/www.jevouszen-massages.com\/wp-content\/uploads\/2019\/09\/kari-shea-1SAnrIxw5OY-unsplash-1024x683.jpg\" alt=\"\" class=\"wp-image-722\" width=\"273\" height=\"181\" srcset=\"http:\/\/www.jevouszen-massages.com\/wp-content\/uploads\/2019\/09\/kari-shea-1SAnrIxw5OY-unsplash-1024x683.jpg 1024w, http:\/\/www.jevouszen-massages.com\/wp-content\/uploads\/2019\/09\/kari-shea-1SAnrIxw5OY-unsplash-300x200.jpg 300w, http:\/\/www.jevouszen-massages.com\/wp-content\/uploads\/2019\/09\/kari-shea-1SAnrIxw5OY-unsplash-768x512.jpg 768w, http:\/\/www.jevouszen-massages.com\/wp-content\/uploads\/2019\/09\/kari-shea-1SAnrIxw5OY-unsplash-400x267.jpg 400w\" sizes=\"(max-width: 273px) 100vw, 273px\" \/><\/figure><\/div>\n\n\n\n<p>* de plus de 3 mois<\/p>\n\n\n\n<p class=\"has-text-color\" style=\"color:#0300a3\"><em>Protocole exclusif<\/em><\/p>\n\n\n\n<p class=\"has-text-color\" style=\"color:#0024a3\">Sessions sur 3 jours &#8211; D\u00e9livrance d&rsquo;une Attestation de Formation<\/p>\n\n\n\n<p class=\"has-text-color\" style=\"color:#0024a3\"><em>Je Vous Zen Massage Academy est un<\/em> <em>Organisme de Formation enregistr\u00e9 sous le 93131748013. <\/em><em>C<\/em><em>et enregistrement ne vaut pas agr\u00e9ment de l\u2019Etat.<\/em><\/p>\n\n\n\n<p class=\"has-text-color\" style=\"color:#0024a3\"><em>La formation peut \u00eatre prise en charge au titre de la Formation professionnelle continue.<\/em><\/p>\n","protected":false},"excerpt":{"rendered":"<p>Bient\u00f4t d&rsquo;ici janvier 2023! Parce qu&rsquo;\u00eatre enceinte* ne doit plus \u00eatre une contre indication au massage! * de plus de 3 mois Protocole exclusif Sessions sur 3 jours &#8211; D\u00e9livrance d&rsquo;une Attestation de Formation Je Vous Zen Massage Academy est<\/p>\n","protected":false},"author":1,"featured_media":0,"parent":0,"menu_order":0,"comment_status":"closed","ping_status":"closed","template":"","meta":{"spay_email":""},"yoast_head":"<!-- This site is optimized with the Yoast SEO plugin v18.9 - https:\/\/yoast.com\/wordpress\/plugins\/seo\/ -->\n<title>Femmes enceintes Entreprise - Je Vous Zen - Massage Academy<\/title>\n<meta name=\"description\" content=\"Apprenez un protocole de massage exclusif destin\u00e9 aux femmes enceintes en entreprise.\" \/>\n<meta name=\"robots\" content=\"index, follow, max-snippet:-1, max-image-preview:large, max-video-preview:-1\" \/>\n<link rel=\"canonical\" href=\"http:\/\/www.jevouszen-massages.com\/index.php\/femmes-enceintes-entreprise\/\" \/>\n<meta property=\"og:locale\" content=\"fr_FR\" \/>\n<meta property=\"og:type\" content=\"article\" \/>\n<meta property=\"og:title\" content=\"Femmes enceintes Entreprise - Je Vous Zen - Massage Academy\" \/>\n<meta property=\"og:description\" content=\"Apprenez un protocole de massage exclusif destin\u00e9 aux femmes enceintes en entreprise.\" \/>\n<meta property=\"og:url\" content=\"http:\/\/www.jevouszen-massages.com\/index.php\/femmes-enceintes-entreprise\/\" \/>\n<meta property=\"og:site_name\" content=\"Je Vous Zen - Massage Academy\" \/>\n<meta property=\"article:modified_time\" content=\"2022-05-17T16:07:34+00:00\" \/>\n<meta property=\"og:image\" content=\"http:\/\/www.jevouszen-massages.com\/wp-content\/uploads\/2019\/09\/kari-shea-1SAnrIxw5OY-unsplash-1024x683.jpg\" \/>\n<meta name=\"twitter:card\" content=\"summary_large_image\" \/>\n<meta name=\"twitter:label1\" content=\"Dur\u00e9e de lecture estim\u00e9e\" \/>\n\t<meta name=\"twitter:data1\" content=\"1 minute\" \/>\n<script type=\"application\/ld+json\" class=\"yoast-schema-graph\">{\"@context\":\"https:\/\/schema.org\",\"@graph\":[{\"@type\":\"WebSite\",\"@id\":\"http:\/\/www.jevouszen-massages.com\/#website\",\"url\":\"http:\/\/www.jevouszen-massages.com\/\",\"name\":\"Je Vous Zen - Massage Academy\",\"description\":\"Centre de Formation au Massage bien-\u00eatre \u00e0 Marseille\",\"potentialAction\":[{\"@type\":\"SearchAction\",\"target\":{\"@type\":\"EntryPoint\",\"urlTemplate\":\"http:\/\/www.jevouszen-massages.com\/?s={search_term_string}\"},\"query-input\":\"required name=search_term_string\"}],\"inLanguage\":\"fr-FR\"},{\"@type\":\"ImageObject\",\"inLanguage\":\"fr-FR\",\"@id\":\"http:\/\/www.jevouszen-massages.com\/index.php\/femmes-enceintes-entreprise\/#primaryimage\",\"url\":\"http:\/\/www.jevouszen-massages.com\/wp-content\/uploads\/2019\/09\/kari-shea-1SAnrIxw5OY-unsplash.jpg\",\"contentUrl\":\"http:\/\/www.jevouszen-massages.com\/wp-content\/uploads\/2019\/09\/kari-shea-1SAnrIxw5OY-unsplash.jpg\",\"width\":5243,\"height\":3495},{\"@type\":\"WebPage\",\"@id\":\"http:\/\/www.jevouszen-massages.com\/index.php\/femmes-enceintes-entreprise\/#webpage\",\"url\":\"http:\/\/www.jevouszen-massages.com\/index.php\/femmes-enceintes-entreprise\/\",\"name\":\"Femmes enceintes Entreprise - Je Vous Zen - Massage Academy\",\"isPartOf\":{\"@id\":\"http:\/\/www.jevouszen-massages.com\/#website\"},\"primaryImageOfPage\":{\"@id\":\"http:\/\/www.jevouszen-massages.com\/index.php\/femmes-enceintes-entreprise\/#primaryimage\"},\"datePublished\":\"2019-10-29T18:49:17+00:00\",\"dateModified\":\"2022-05-17T16:07:34+00:00\",\"description\":\"Apprenez un protocole de massage exclusif destin\u00e9 aux femmes enceintes en entreprise.\",\"breadcrumb\":{\"@id\":\"http:\/\/www.jevouszen-massages.com\/index.php\/femmes-enceintes-entreprise\/#breadcrumb\"},\"inLanguage\":\"fr-FR\",\"potentialAction\":[{\"@type\":\"ReadAction\",\"target\":[\"http:\/\/www.jevouszen-massages.com\/index.php\/femmes-enceintes-entreprise\/\"]}]},{\"@type\":\"BreadcrumbList\",\"@id\":\"http:\/\/www.jevouszen-massages.com\/index.php\/femmes-enceintes-entreprise\/#breadcrumb\",\"itemListElement\":[{\"@type\":\"ListItem\",\"position\":1,\"name\":\"Accueil\",\"item\":\"http:\/\/www.jevouszen-massages.com\/\"},{\"@type\":\"ListItem\",\"position\":2,\"name\":\"Femmes enceintes Entreprise\"}]}]}<\/script>\n<!-- \/ Yoast SEO plugin. -->","yoast_head_json":{"title":"Femmes enceintes Entreprise - Je Vous Zen - Massage Academy","description":"Apprenez un protocole de massage exclusif destin\u00e9 aux femmes enceintes en entreprise.","robots":{"index":"index","follow":"follow","max-snippet":"max-snippet:-1","max-image-preview":"max-image-preview:large","max-video-preview":"max-video-preview:-1"},"canonical":"http:\/\/www.jevouszen-massages.com\/index.php\/femmes-enceintes-entreprise\/","og_locale":"fr_FR","og_type":"article","og_title":"Femmes enceintes Entreprise - Je Vous Zen - Massage Academy","og_description":"Apprenez un protocole de massage exclusif destin\u00e9 aux femmes enceintes en entreprise.","og_url":"http:\/\/www.jevouszen-massages.com\/index.php\/femmes-enceintes-entreprise\/","og_site_name":"Je Vous Zen - Massage Academy","article_modified_time":"2022-05-17T16:07:34+00:00","og_image":[{"url":"http:\/\/www.jevouszen-massages.com\/wp-content\/uploads\/2019\/09\/kari-shea-1SAnrIxw5OY-unsplash-1024x683.jpg"}],"twitter_card":"summary_large_image","twitter_misc":{"Dur\u00e9e de lecture estim\u00e9e":"1 minute"},"schema":{"@context":"https:\/\/schema.org","@graph":[{"@type":"WebSite","@id":"http:\/\/www.jevouszen-massages.com\/#website","url":"http:\/\/www.jevouszen-massages.com\/","name":"Je Vous Zen - Massage Academy","description":"Centre de Formation au Massage bien-\u00eatre \u00e0 Marseille","potentialAction":[{"@type":"SearchAction","target":{"@type":"EntryPoint","urlTemplate":"http:\/\/www.jevouszen-massages.com\/?s={search_term_string}"},"query-input":"required name=search_term_string"}],"inLanguage":"fr-FR"},{"@type":"ImageObject","inLanguage":"fr-FR","@id":"http:\/\/www.jevouszen-massages.com\/index.php\/femmes-enceintes-entreprise\/#primaryimage","url":"http:\/\/www.jevouszen-massages.com\/wp-content\/uploads\/2019\/09\/kari-shea-1SAnrIxw5OY-unsplash.jpg","contentUrl":"http:\/\/www.jevouszen-massages.com\/wp-content\/uploads\/2019\/09\/kari-shea-1SAnrIxw5OY-unsplash.jpg","width":5243,"height":3495},{"@type":"WebPage","@id":"http:\/\/www.jevouszen-massages.com\/index.php\/femmes-enceintes-entreprise\/#webpage","url":"http:\/\/www.jevouszen-massages.com\/index.php\/femmes-enceintes-entreprise\/","name":"Femmes enceintes Entreprise - Je Vous Zen - Massage Academy","isPartOf":{"@id":"http:\/\/www.jevouszen-massages.com\/#website"},"primaryImageOfPage":{"@id":"http:\/\/www.jevouszen-massages.com\/index.php\/femmes-enceintes-entreprise\/#primaryimage"},"datePublished":"2019-10-29T18:49:17+00:00","dateModified":"2022-05-17T16:07:34+00:00","description":"Apprenez un protocole de massage exclusif destin\u00e9 aux femmes enceintes en entreprise.","breadcrumb":{"@id":"http:\/\/www.jevouszen-massages.com\/index.php\/femmes-enceintes-entreprise\/#breadcrumb"},"inLanguage":"fr-FR","potentialAction":[{"@type":"ReadAction","target":["http:\/\/www.jevouszen-massages.com\/index.php\/femmes-enceintes-entreprise\/"]}]},{"@type":"BreadcrumbList","@id":"http:\/\/www.jevouszen-massages.com\/index.php\/femmes-enceintes-entreprise\/#breadcrumb","itemListElement":[{"@type":"ListItem","position":1,"name":"Accueil","item":"http:\/\/www.jevouszen-massages.com\/"},{"@type":"ListItem","position":2,"name":"Femmes enceintes Entreprise"}]}]}},"jetpack_sharing_enabled":true,"jetpack_shortlink":"https:\/\/wp.me\/P9Lu4E-cX","_links":{"self":[{"href":"http:\/\/www.jevouszen-massages.com\/index.php\/wp-json\/wp\/v2\/pages\/803"}],"collection":[{"href":"http:\/\/www.jevouszen-massages.com\/index.php\/wp-json\/wp\/v2\/pages"}],"about":[{"href":"http:\/\/www.jevouszen-massages.com\/index.php\/wp-json\/wp\/v2\/types\/page"}],"author":[{"embeddable":true,"href":"http:\/\/www.jevouszen-massages.com\/index.php\/wp-json\/wp\/v2\/users\/1"}],"replies":[{"embeddable":true,"href":"http:\/\/www.jevouszen-massages.com\/index.php\/wp-json\/wp\/v2\/comments?post=803"}],"version-history":[{"count":9,"href":"http:\/\/www.jevouszen-massages.com\/index.php\/wp-json\/wp\/v2\/pages\/803\/revisions"}],"predecessor-version":[{"id":2701,"href":"http:\/\/www.jevouszen-massages.com\/index.php\/wp-json\/wp\/v2\/pages\/803\/revisions\/2701"}],"wp:attachment":[{"href":"http:\/\/www.jevouszen-massages.com\/index.php\/wp-json\/wp\/v2\/media?parent=803"}],"curies":[{"name":"wp","href":"https:\/\/api.w.org\/{rel}","templated":true}]}}