{"id":520,"date":"2018-04-30T15:32:08","date_gmt":"2018-04-30T13:32:08","guid":{"rendered":"http:\/\/www.jevouszen-massages.com\/?post_type=product&#038;p=520"},"modified":"2020-06-08T14:08:03","modified_gmt":"2020-06-08T12:08:03","slug":"initiation-au-massage-des-pieds","status":"publish","type":"product","link":"http:\/\/www.jevouszen-massages.com\/index.php\/produit\/initiation-au-massage-des-pieds\/","title":{"rendered":"Mini-formation au Massage des Pieds"},"content":{"rendered":"<div id=\"webs-bin-5a849da917c5190001e3c5af\" class=\"webs-bin\">\n<div class=\"webs-bin-wrap\">\n<div class=\"webs-container webs-module-title w-title-default\">\n<h3 class=\"w-text \">Massage des pieds<\/h3>\n<\/div>\n<\/div>\n<\/div>\n<div id=\"webs-bin-5a849d9517c5190001e3c59f\" class=\"webs-bin\">\n<div class=\"webs-bin-wrap\">\n<div class=\"webs-container webs-module-text_image w-text_image-default\">\n<div class=\"webs-text-image clearfix webs-composite-module\">\n<div class=\"webs-submodule webs-submodule-text webs-module-text\">\n<div class=\"webs-text \">\n<p><em><span class=\"wz-bold\"><span class=\"wz-italic wz-bold\">Atelier de 3 heures.<\/span><\/span><\/em><\/p>\n<p><span class=\"wz-bold\"><span class=\"wz-italic wz-bold\">Impr\u00e9gn\u00e9 de la r\u00e9flexologie plantaire, le massage des pieds donne acc\u00e8s \u00e0 tous les organes et favorise le soulagement des douleurs et l\u2019\u00e9vacuation de toutes les formes de tension.<\/span><br \/>\n<\/span><\/p>\n<p>Les pieds constituent la partie du corps qui supporte toute la charge pond\u00e9rale. Ils subissent souvent des agressions au quotidien et n\u00e9cessitent un soin particulier. Le massage des pieds offre aux membres inf\u00e9rieurs un moment de d\u00e9tente apr\u00e8s une position debout prolong\u00e9e, une surcharge pond\u00e9rale ou suite au port de chaussures en permanence les emp\u00eachant de respirer.<\/p>\n<p>Un bon massage des pieds permet ainsi de r\u00e9tablir l\u2019\u00e9quilibre de l\u2019organisme et de rem\u00e9dier aux diff\u00e9rents dysfonctionnements auxquels il n\u2019est pas toujours naturel de penser.<\/p>\n<\/div>\n<\/div>\n<\/div>\n<\/div>\n<\/div>\n<\/div>\n","protected":false},"excerpt":{"rendered":"<p>Massage des pieds Atelier de 3 heures. Impr\u00e9gn\u00e9 de la r\u00e9flexologie plantaire, le massage des pieds donne acc\u00e8s \u00e0 tous les organes et favorise le soulagement des douleurs et l\u2019\u00e9vacuation de toutes les formes de tension. Les pieds constituent la<\/p>\n","protected":false},"featured_media":689,"template":"","meta":{"spay_email":"","jetpack_publicize_message":"","jetpack_is_tweetstorm":false,"jetpack_publicize_feature_enabled":true},"product_cat":[20],"product_tag":[],"yoast_head":"<!-- This site is optimized with the Yoast SEO plugin v18.9 - https:\/\/yoast.com\/wordpress\/plugins\/seo\/ -->\n<title>Mini-formation au Massage des Pieds - Je Vous Zen - Massage Academy<\/title>\n<meta name=\"robots\" content=\"index, follow, max-snippet:-1, max-image-preview:large, max-video-preview:-1\" \/>\n<link rel=\"canonical\" href=\"https:\/\/www.jevouszen-massages.com\/index.php\/produit\/initiation-au-massage-des-pieds\/\" \/>\n<meta property=\"og:locale\" content=\"fr_FR\" \/>\n<meta property=\"og:type\" content=\"article\" \/>\n<meta property=\"og:title\" content=\"Mini-formation au Massage des Pieds - Je Vous Zen - Massage Academy\" \/>\n<meta property=\"og:description\" content=\"Massage des pieds Atelier de 3 heures. Impr\u00e9gn\u00e9 de la r\u00e9flexologie plantaire, le massage des pieds donne acc\u00e8s \u00e0 tous les organes et favorise le soulagement des douleurs et l\u2019\u00e9vacuation de toutes les formes de tension. Les pieds constituent la\" \/>\n<meta property=\"og:url\" content=\"https:\/\/www.jevouszen-massages.com\/index.php\/produit\/initiation-au-massage-des-pieds\/\" \/>\n<meta property=\"og:site_name\" content=\"Je Vous Zen - Massage Academy\" \/>\n<meta property=\"article:modified_time\" content=\"2020-06-08T12:08:03+00:00\" \/>\n<meta property=\"og:image\" content=\"https:\/\/www.jevouszen-massages.com\/wp-content\/uploads\/2018\/04\/IMG_7128-2.jpg\" \/>\n\t<meta property=\"og:image:width\" content=\"4032\" \/>\n\t<meta property=\"og:image:height\" content=\"3024\" \/>\n\t<meta property=\"og:image:type\" content=\"image\/jpeg\" \/>\n<meta name=\"twitter:card\" content=\"summary_large_image\" \/>\n<meta name=\"twitter:label1\" content=\"Dur\u00e9e de lecture estim\u00e9e\" \/>\n\t<meta name=\"twitter:data1\" content=\"1 minute\" \/>\n<script type=\"application\/ld+json\" class=\"yoast-schema-graph\">{\"@context\":\"https:\/\/schema.org\",\"@graph\":[{\"@type\":\"WebSite\",\"@id\":\"http:\/\/www.jevouszen-massages.com\/#website\",\"url\":\"http:\/\/www.jevouszen-massages.com\/\",\"name\":\"Je Vous Zen - Massage Academy\",\"description\":\"Centre de Formation au Massage bien-\u00eatre \u00e0 Marseille\",\"potentialAction\":[{\"@type\":\"SearchAction\",\"target\":{\"@type\":\"EntryPoint\",\"urlTemplate\":\"http:\/\/www.jevouszen-massages.com\/?s={search_term_string}\"},\"query-input\":\"required name=search_term_string\"}],\"inLanguage\":\"fr-FR\"},{\"@type\":\"ImageObject\",\"inLanguage\":\"fr-FR\",\"@id\":\"https:\/\/www.jevouszen-massages.com\/index.php\/produit\/initiation-au-massage-des-pieds\/#primaryimage\",\"url\":\"http:\/\/www.jevouszen-massages.com\/wp-content\/uploads\/2018\/04\/IMG_7128-2.jpg\",\"contentUrl\":\"http:\/\/www.jevouszen-massages.com\/wp-content\/uploads\/2018\/04\/IMG_7128-2.jpg\",\"width\":4032,\"height\":3024},{\"@type\":\"WebPage\",\"@id\":\"https:\/\/www.jevouszen-massages.com\/index.php\/produit\/initiation-au-massage-des-pieds\/#webpage\",\"url\":\"https:\/\/www.jevouszen-massages.com\/index.php\/produit\/initiation-au-massage-des-pieds\/\",\"name\":\"Mini-formation au Massage des Pieds - Je Vous Zen - Massage Academy\",\"isPartOf\":{\"@id\":\"http:\/\/www.jevouszen-massages.com\/#website\"},\"primaryImageOfPage\":{\"@id\":\"https:\/\/www.jevouszen-massages.com\/index.php\/produit\/initiation-au-massage-des-pieds\/#primaryimage\"},\"datePublished\":\"2018-04-30T13:32:08+00:00\",\"dateModified\":\"2020-06-08T12:08:03+00:00\",\"breadcrumb\":{\"@id\":\"https:\/\/www.jevouszen-massages.com\/index.php\/produit\/initiation-au-massage-des-pieds\/#breadcrumb\"},\"inLanguage\":\"fr-FR\",\"potentialAction\":[{\"@type\":\"ReadAction\",\"target\":[\"https:\/\/www.jevouszen-massages.com\/index.php\/produit\/initiation-au-massage-des-pieds\/\"]}]},{\"@type\":\"BreadcrumbList\",\"@id\":\"https:\/\/www.jevouszen-massages.com\/index.php\/produit\/initiation-au-massage-des-pieds\/#breadcrumb\",\"itemListElement\":[{\"@type\":\"ListItem\",\"position\":1,\"name\":\"Accueil\",\"item\":\"http:\/\/www.jevouszen-massages.com\/\"},{\"@type\":\"ListItem\",\"position\":2,\"name\":\"Boutique\",\"item\":\"http:\/\/www.jevouszen-massages.com\/index.php\/tarifs-boutique\/\"},{\"@type\":\"ListItem\",\"position\":3,\"name\":\"Mini-formation au Massage des Pieds\"}]}]}<\/script>\n<!-- \/ Yoast SEO plugin. -->","yoast_head_json":{"title":"Mini-formation au Massage des Pieds - Je Vous Zen - Massage Academy","robots":{"index":"index","follow":"follow","max-snippet":"max-snippet:-1","max-image-preview":"max-image-preview:large","max-video-preview":"max-video-preview:-1"},"canonical":"https:\/\/www.jevouszen-massages.com\/index.php\/produit\/initiation-au-massage-des-pieds\/","og_locale":"fr_FR","og_type":"article","og_title":"Mini-formation au Massage des Pieds - Je Vous Zen - Massage Academy","og_description":"Massage des pieds Atelier de 3 heures. Impr\u00e9gn\u00e9 de la r\u00e9flexologie plantaire, le massage des pieds donne acc\u00e8s \u00e0 tous les organes et favorise le soulagement des douleurs et l\u2019\u00e9vacuation de toutes les formes de tension. Les pieds constituent la","og_url":"https:\/\/www.jevouszen-massages.com\/index.php\/produit\/initiation-au-massage-des-pieds\/","og_site_name":"Je Vous Zen - Massage Academy","article_modified_time":"2020-06-08T12:08:03+00:00","og_image":[{"width":4032,"height":3024,"url":"https:\/\/www.jevouszen-massages.com\/wp-content\/uploads\/2018\/04\/IMG_7128-2.jpg","type":"image\/jpeg"}],"twitter_card":"summary_large_image","twitter_misc":{"Dur\u00e9e de lecture estim\u00e9e":"1 minute"},"schema":{"@context":"https:\/\/schema.org","@graph":[{"@type":"WebSite","@id":"http:\/\/www.jevouszen-massages.com\/#website","url":"http:\/\/www.jevouszen-massages.com\/","name":"Je Vous Zen - Massage Academy","description":"Centre de Formation au Massage bien-\u00eatre \u00e0 Marseille","potentialAction":[{"@type":"SearchAction","target":{"@type":"EntryPoint","urlTemplate":"http:\/\/www.jevouszen-massages.com\/?s={search_term_string}"},"query-input":"required name=search_term_string"}],"inLanguage":"fr-FR"},{"@type":"ImageObject","inLanguage":"fr-FR","@id":"https:\/\/www.jevouszen-massages.com\/index.php\/produit\/initiation-au-massage-des-pieds\/#primaryimage","url":"http:\/\/www.jevouszen-massages.com\/wp-content\/uploads\/2018\/04\/IMG_7128-2.jpg","contentUrl":"http:\/\/www.jevouszen-massages.com\/wp-content\/uploads\/2018\/04\/IMG_7128-2.jpg","width":4032,"height":3024},{"@type":"WebPage","@id":"https:\/\/www.jevouszen-massages.com\/index.php\/produit\/initiation-au-massage-des-pieds\/#webpage","url":"https:\/\/www.jevouszen-massages.com\/index.php\/produit\/initiation-au-massage-des-pieds\/","name":"Mini-formation au Massage des Pieds - Je Vous Zen - Massage Academy","isPartOf":{"@id":"http:\/\/www.jevouszen-massages.com\/#website"},"primaryImageOfPage":{"@id":"https:\/\/www.jevouszen-massages.com\/index.php\/produit\/initiation-au-massage-des-pieds\/#primaryimage"},"datePublished":"2018-04-30T13:32:08+00:00","dateModified":"2020-06-08T12:08:03+00:00","breadcrumb":{"@id":"https:\/\/www.jevouszen-massages.com\/index.php\/produit\/initiation-au-massage-des-pieds\/#breadcrumb"},"inLanguage":"fr-FR","potentialAction":[{"@type":"ReadAction","target":["https:\/\/www.jevouszen-massages.com\/index.php\/produit\/initiation-au-massage-des-pieds\/"]}]},{"@type":"BreadcrumbList","@id":"https:\/\/www.jevouszen-massages.com\/index.php\/produit\/initiation-au-massage-des-pieds\/#breadcrumb","itemListElement":[{"@type":"ListItem","position":1,"name":"Accueil","item":"http:\/\/www.jevouszen-massages.com\/"},{"@type":"ListItem","position":2,"name":"Boutique","item":"http:\/\/www.jevouszen-massages.com\/index.php\/tarifs-boutique\/"},{"@type":"ListItem","position":3,"name":"Mini-formation au Massage des Pieds"}]}]}},"jetpack_publicize_connections":[],"jetpack_sharing_enabled":true,"_links":{"self":[{"href":"http:\/\/www.jevouszen-massages.com\/index.php\/wp-json\/wp\/v2\/product\/520"}],"collection":[{"href":"http:\/\/www.jevouszen-massages.com\/index.php\/wp-json\/wp\/v2\/product"}],"about":[{"href":"http:\/\/www.jevouszen-massages.com\/index.php\/wp-json\/wp\/v2\/types\/product"}],"wp:featuredmedia":[{"embeddable":true,"href":"http:\/\/www.jevouszen-massages.com\/index.php\/wp-json\/wp\/v2\/media\/689"}],"wp:attachment":[{"href":"http:\/\/www.jevouszen-massages.com\/index.php\/wp-json\/wp\/v2\/media?parent=520"}],"wp:term":[{"taxonomy":"product_cat","embeddable":true,"href":"http:\/\/www.jevouszen-massages.com\/index.php\/wp-json\/wp\/v2\/product_cat?post=520"},{"taxonomy":"product_tag","embeddable":true,"href":"http:\/\/www.jevouszen-massages.com\/index.php\/wp-json\/wp\/v2\/product_tag?post=520"}],"curies":[{"name":"wp","href":"https:\/\/api.w.org\/{rel}","templated":true}]}}